s 13202 - 2?
13200
In base 13, what is 1 + -47?
-46
In base 14, what is 2734 + 0?
2734
In base 6, what is -2243 - 0?
-2243
In base 2, what is 1010010 + 100?
1010110
In base 16, what is 2d + -2?
2b
In base 16, what is -18 - -3bf?
3a7
In base 2, what is 110100100 + -1011?
110011001
In base 6, what is -132 + -13?
-145
In base 15, what is 7a + 1?
7b
In base 9, what is -5 - 3312?
-3317
In base 3, what is 22112 - -2?
22121
In base 15, what is 0 - -acd?
acd
In base 11, what is 2 - -20?
22
In base 16, what is 2 - a?
-8
In base 2, what is -11011101 - 1?
-11011110
In base 13, what is 0 - -28?
28
In base 15, what is 2 - -941?
943
In base 6, what is 1 - 300?
-255
In base 7, what is 30201 + -5?
30163
In base 4, what is -1 + -312?
-313
In base 16, what is 13 + 22e?
241
In base 4, what is -23 - 1010?
-1033
In base 10, what is -1 - 123?
-124
In base 10, what is 1117 - 3?
1114
In base 7, what is 24 - -30?
54
In base 6, what is -3 + 151?
144
In base 4, what is 0 + -20101?
-20101
In base 8, what is 3 + 1662?
1665
In base 11, what is -15 + -62?
-77
In base 10, what is -5 + 239?
234
In base 11, what is 965 - 2?
963
In base 14, what is 4 - 242?
-23c
In base 8, what is 75 + -256?
-161
In base 6, what is -2 - 5205?
-5211
In base 9, what is 34 - 24?
10
In base 12, what is -13 - -42?
2b
In base 12, what is -3 + -26?
-29
In base 2, what is -10 - 100110011?
-100110101
In base 5, what is 2310 + -10?
2300
In base 13, what is 24 + 78?
9c
In base 6, what is 1 - -1300?
1301
In base 13, what is 5 + -110?
-108
In base 11, what is 0 - 1919?
-1919
In base 3, what is -222110 + -21?
-222201
In base 7, what is 212 + -3?
206
In base 2, what is -10101 + 11111?
1010
In base 12, what is 1480 - -5?
1485
In base 16, what is -12 - 1dc?
-1ee
In base 4, what is 2 - -31330?
31332
In base 7, what is -63 - -3?
-60
In base 12, what is 76 + 3?
79
In base 13, what is -1a3 + 4?
-19c
In base 7, what is -46 - 604?
-653
In base 11, what is -24 + -3?
-27
In base 15, what is -900 - 0?
-900
In base 3, what is -10 - 1111111?
-1111121
In base 3, what is -12 - -2111020?
2111001
In base 6, what is 0 + 10?
10
In base 9, what is 1163 - -2?
1165
In base 16, what is -4c7b - 0?
-4c7b
In base 2, what is 100000 - -111000?
1011000
In base 15, what is -20 - 0?
-20
In base 3, what is -2100 - 100?
-2200
In base 7, what is -40124 - 3?
-40130
In base 9, what is 0 - 1?
-1
In base 9, what is -16 - 16?
-33
In base 8, what is 210112 + -5?
210105
In base 15, what is -90 - 3?
-93
In base 5, what is 32001 + -20?
31431
In base 5, what is -1044 - -24?
-1020
In base 13, what is -2 - -28c9?
28c7
In base 7, what is 4 + -363?
-356
In base 16, what is 974 + 4?
978
In base 15, what is cc - 0?
cc
In base 4, what is -1232 - 2130?
-10022
In base 6, what is 230 + -22?
204
In base 6, what is -13 - 102?
-115
In base 14, what is 2 + -7d9?
-7d7
In base 10, what is 0 + -13?
-13
In base 14, what is -12a + 12?
-118
In base 6, what is -333 - -2?
-331
In base 8, what is -4 - 52?
-56
In base 9, what is -4 + -564?
-568
In base 16, what is 7 + -68?
-61
In base 8, what is -31 - -356?
325
In base 2, what is 0 + -10001110000?
-10001110000
In base 3, what is 10222211 + -2?
10222202
In base 6, what is -13 - -12303?
12250
In base 4, what is 2 + 3202?
3210
In base 11, what is -3 + -38?
-40
In base 5, what is -134214 + -4?
-134223
In base 6, what is 111 + 112?
223
In base 4, what is -1 + -210?
-211
In base 7, what is 1420 + -4?
1413
In base 13, what is 1c + 6?
25
In base 3, what is -22121 - 12?
-22210
In base 14, what is 14 - 1c3?
-1ad
In base 3, what is 2 + -1200212?
-1200210
In base 13, what is -5 + 875?
870
In base 4, what is -20 + 2323?
2303
In base 3, what is -11 - 111012?
-111100
In base 5, what is -2 + 123312?
123310
In base 9, what is -21 - -2?
-18
In base 6, what is -413 - 35?
-452
In base 2, what is 11010 - -111?
100001
In base 13, what is 0 - 22?
-22
In base 14, what is -33d2 + 1?
-33d1
In base 15, what is 3 - -35?
38
In base 9, what is -3 + 172?
168
In base 10, what is -989 + -1?
-990
In base 10, what is -2 + -84?
-86
In base 8, what is -1 - -614?
613
In base 13, what is -3332 - 0?
-3332
In base 9, what is 40 + -12?
27
In base 7, what is 1 - -20?
21
In base 5, what is -202 + -124?
-331
In base 12, what is 4 + 172?
176
In base 13, what is -90 - 20?
-b0
In base 13, what is -5 + 719?
714
In base 10, what is -543 + -5?
-548
In base 2, what is 10100 - -11100?
110000
In base 14, what is -2 + -1b?
-1d
In base 8, what is 4 + 13043?
13047
In base 15, what is -35 - -78?
43
In base 6, what is 5 - -2431?
2440
In base 12, what is 3 + -1137?
-1134
In base 4, what is 12 + -23321?
-23303
In base 12, what is -3 - -58?
55
In base 9, what is -133 - -3?
-130
In base 13, what is -2b8 + 0?
-2b8
In base 10, what is -10 - -84?
74
In base 5, what is 0 - -40?
40
In base 5, what is -4 + 403?
344
In base 16, what is -3 + 19?
16
In base 16, what is -a5 + -1e?
-c3
In base 2, what is -11 + 101?
10
In base 6, what is 11 - 125?
-114
In base 11, what is 2 - -149?
150
In base 11, what is 1226 + 5?
1230
In base 16, what is -14ca + 4?
-14c6
In base 3, what is -201 + 200?
-1
In base 8, what is -3 + 122?
117
In base 12, what is -5 - 143?
-148
In base 10, what is 149 - 3?
146
In base 10, what is 9 + -1031?
-1022
In base 5, what is 4 - 10103?
-10044
In base 13, what is -16a + -19?
-186
In base 9, what is 0 + -14?
-14
In base 13, what is -2 - 174b?
-1750
In base 16, what is -2 + 48?
46
In base 14, what is -2524 - -3?
-2521
In base 4, what is -11 - -10313?
10302
In base 13, what is 7 + 3?
a
In base 13, what is -73 - -4?
-6c
In base 6, what is 0 + -43?
-43
In base 15, what is -1b - 0?
-1b
In base 6, what is -4523 - -2?
-4521
In base 7, what is -4033 - 4?
-4040
In base 2, what is 100 + 11000?
11100
In base 10, what is -672 - 4?
-676
In base 13, what is 5 - 129?
-124
In base 12, what is -72a + -7?
-735
In base 3, what is 210 - 120?
20
In base 3, what is 10 + 101020?
101100
In base 15, what is -2 - 8?
-a
In base 9, what is -5 + 615?
610
In base 3, what is 11 - -20200?
20211
In base 3, what is 10112 - 1?
10111
In base 10, what is -3593 - -2?
-3591
In base 7, what is 14 - 1?
13
In base 8, what is 1722 - -24?
1746
In base 14, what is -1 + 21?
20
In base 10, what is -323 - 0?
-323
In base 2, what is 11010 - 0?
11010
In base 8, what is -23 + -41?
-64
In base 12, what is 4 - 33?
-2b
In base 5, what is -12 + -104134?
-104201
In base 16, what is f7 - -1b?
112
In base 5, what is -1321 + 1?
-1320
In base 5, what is -22111 - 0?
-22111
In base 9, what is 1727 - -4?
1732
In base 14, what is 61 - -20?
81
In base 2, what is -101110 + -100?
-110010
In base 14, what is 30 + 4?
34
In base 11, what is -5 + 538?
533
In base 5, what is -32 + 21041?
21004
In base 9, what is 17 + -1538?
-1521
In base 15, what is -2 - 82?
-84
In base 5, what is -14002 - -11?
-13441
In base 8, what is 64074 - 3?
64071
In base 12, what is 3 - 140?
-139
In base 5, what is -32 + 32?
0
In base 14, what is 111a + 1?
111b
In base 11, what is -9657 - -4?
-9653
In base 11, what is 0 + 214?
214
In base 6, what is 141 - 401?
-220
In base 10, what is -46 + 2?
-44
In base 4, what is -203 + -1203?
-2012
In base 15, what is -19d + -1?
-19e
In base 4, what is 31303 - 10?
31233
In base 14, what is 3 - -19?
1c
In base 13, what is -2a - -1?
-29
In base 9, what is 11212 - 4?
11207
In base 14, what is -91 + c?
-83
In base 4, what is -1311 + -11?
-1322
In base 10, what is 11 + -20?
-9
In base 11, what is -2 - 509?
-510
In base 2, what is -1001111111 + 0?
-1001111111
In base 6, what is 2 + -10?
-4
In base 14, what is 0 + -3?
-3
In base 7, what is 4 - -43?
50
In base 9, what is 27 - 2?
25
In base 8, what is -232 - -115?
-115
In base 5, what is -2241 + -4?
-2300
In base 2, what is -11010110 + 10?
-11010100
In base 3, what is -101202 - -21?
-101111
In base 8, what is 0 + -1077?
-1077
In base 5, what is 33 - 430?
-342
In base 2, what is -1000011101001 - -10?
-1000011100111
In base 16, what is -15 + 37?
22
In base 2, what is -11001111 - 10001?
-11100000
In base 10, what is 13 + 20?
33
In base 7, what is -45 - 35?
-113
In base 10, what is -1 - -7?
6
In base 13, what is -3 + -113?
-116
In base 16, what is -1 - -ca5?
ca4
In base 10, what is 19 + -471?
-452
In base 8, what is -3 - -252?
247
In base 7, what is -3 - 4353?
-4356
In base 3, what is 10 - 2001000?
-